37*t - 692. Determine c(19).
11
Let o(w) = w**3 + 7*w**2 - 11*w - 12. Calculate o(-8).
12
Let w(r) = r**3 - r**2 - 4*r - 4. Determine w(4).
28
Let p(j) = 7*j**2 - j + 1. What is p(-2)?
31
Let v(u) = -u**3 - u**2 + 3*u + 3. Give v(-2).
1
Let o(z) = -z**3 - 4*z**2 + 13*z. Calculate o(-6).
-6
Let z(b) = 21*b + 134. Calculate z(-6).
8
Let b(q) = q**2 - 14*q + 13. Determine b(14).
13
Let o(c) = 2*c + 6. Determine o(-4).
-2
Let z(o) = -5*o + 66. What is z(15)?
-9
Let g(c) = c**3 + 9*c**2 - 11*c. Give g(-10).
10
Let f(q) = q**3 - 6*q**2 + 3*q + 14. What is f(5)?
4
Let f(d) = -d**2 + 23*d - 17. Calculate f(9).
109
Let i(x) = -7*x - 47. Give i(-12).
37
Let b(z) = -z**2 + 17*z - 70. What is b(9)?
2
Let x(o) = o**3 + 15*o**2 + o - 20. What is x(-15)?
-35
Let f(r) = r**3 + 15*r**2 - 17*r + 9. Determine f(-16).
25
Let q(b) = b**2 - 20*b + 10. Determine q(13).
-81
Let z(u) = u**3 + u**2 + u + 35. What is z(0)?
35
Let q(k) = 3*k - 26. Determine q(10).
4
Let r(q) = 7*q**3 + q - 1. Calculate r(1).
7
Let v(f) = f**2 - 13*f + 21. Give v(12).
9
Let f(j) = j**2 + 9*j + 36. What is f(-6)?
18
Let m(v) = v**2 - 11*v - 72. Determine m(15).
-12
Let w(v) = 6*v**3 + 2*v**2 - 3*v - 4. What is w(-1)?
-5
Let k(d) = -d**3 + 14*d**2 - d + 14. Determine k(14).
0
Let u(o) = -10*o - 26. Determine u(-11).
84
Let o(y) = -3*y - 47. What is o(-18)?
7
Let o(u) = -u - 18. Give o(-6).
-12
Let g(t) = -15*t + 407. Determine g(27).
2
Let w(j) = j**2 + 6*j - 9. Give w(-7).
-2
Let a(c) = c**3 + 7*c**2 + 6*c - 1. Calculate a(-5).
19
Let g(a) = -18*a - 286. Give g(-16).
2
Let z(t) = 2*t**3 - 27*t**2 - 16*t + 12. Calculate z(14).
-16
Let m(u) = -2*u**2 + 7*u + 3. What is m(-5)?
-82
Let d(z) = -z**3 + 3*z**2 + 5*z - 10. Calculate d(4).
-6
Let g(f) = f**3 + 5*f**2 - 8*f + 10. What is g(-7)?
-32
Let d(j) = -j**2 + j + 22. What is d(-4)?
2
Let c(l) = 3*l**2 + 3*l. Determine c(-3).
18
Let y(b) = 2*b**2 - b + 68. What is y(0)?
68
Let q(l) = -l**2 + 6*l - 1. Give q(9).
-28
Let h(s) = s**3 - s**2 - 3*s. Determine h(3).
9
Let q(w) = -w**3 - 9*w**2 + 9*w - 6. Give q(-10).
4
Let l(t) = -3*t**2 - 8*t - 20. Determine l(-4).
-36
Let d(n) = -5*n**2 - 6*n + 1. Determine d(-2).
-7
Let k(r) = r**3 - 8*r**2 - 20*r - 4. Determine k(10).
-4
Let p(u) = 3*u - 6. Give p(10).
24
Let u(b) = -b**3 - 6*b**2 + 5*b. Determine u(0).
0
Let p(o) = -o**3 - 9*o**2 + 28*o - 4. Calculate p(-11).
-70
Let d(i) = i**2 + 35*i - 75. Give d(2).
-1
Let h(y) = -y**3 - 2*y**2 - 3*y + 15. Give h(0).
15
Let y(p) = -p**2 - 25*p + 11. What is y(-25)?
11
Let h(r) = r + 4. Give h(4).
8
Let m(a) = 16*a - 31. What is m(2)?
1
Let m(d) = d**2 + 24*d - 45. What is m(-26)?
7
Let f(i) = 5*i**3 - 2*i**2 + 1. Give f(-1).
-6
Let u(n) = 2*n - 10. What is u(0)?
-10
Let m(c) = 2*c**2 + 2*c + 54. Give m(0).
54
Let b(k) = -k**3 - 3*k**2 + 8*k + 5. Determine b(-5).
15
Let z(x) = -x**3 - x**2 - 2. What is z(-2)?
2
Let z(x) = -4*x**2 + 2*x + 1. Determine z(-3).
-41
Let y(t) = 2*t**2 + 30. Give y(0).
30
Let o(l) = 2*l**2 + l + 1. Calculate o(6).
79
Let n(m) = m**3 + 2*m**2 - 3*m + 3. Give n(-3).
3
Let r(j) = 5*j - 40. Give r(11).
15
Let h(p) = -p**3 - 12*p**2 - 30*p + 9. What is h(-8)?
-7
Let u(s) = 7*s + 33. Give u(-8).
-23
Let t(u) = u - 8. Give t(13).
5
Let x(w) = 4*w**2 - 8*w + 17. What is x(5)?
77
Let g(f) = f**2 + 5*f - 5. Calculate g(-7).
9
Let f(j) = -j**2 - 3*j + 146. Determine f(-14).
-8
Let k(a) = 2*a**2 - 6*a + 3. Calculate k(2).
-1
Let u(w) = -3*w - 86. Determine u(-24).
-14
Let n(p) = p + 4. Determine n(9).
13
Let n(o) = 2*o - 33. Calculate n(12).
-9
Let n(q) = 2*q**2 - 35*q + 43. Calculate n(16).
-5
Let u(d) = 29*d - 220. What is u(7)?
-17
Let u(a) = 3*a**2 + 22*a - 23. Calculate u(-8).
-7
Let o(j) = -2*j**2 - 15*j - 72. Determine o(-6).
-54
Let m(l) = l**3 + 8*l**2 - 8*l + 1. Determine m(-9).
-8
Let c(k) = -k**3 + k**2 + 33. Calculate c(0).
33
Let o(c) = c**3 - 13*c**2 - 14*c + 20. What is o(14)?
20
Let j(p) = 7*p. Determine j(-7).
-49
Let i(o) = -3*o**2 - 29*o - 21. What is i(-9)?
-3
Let s(c) = -c - 10. Calculate s(-5).
-5
Let j(i) = i**3 - 4*i**2 + 2*i - 7. Give j(3).
-10
Let j(i) = i**3 - 11*i**2 + 3*i + 4. Calculate j(11).
37
Let d(j) = -j**3 + 5*j**2 + 2*j + 28. What is d(6)?
4
Let a(v) = -v**2 + 18*v + 20. Give a(19).
1
Let u(l) = 3*l + 72. Calculate u(-18).
18
Let t(k) = -k**2 + 7*k + 4. Determine t(9).
-14
Let t(v) = -v**2 + 9*v - 15. Calculate t(6).
3
Let s(t) = -t - 8. Determine s(-6).
-2
Let m(c) = -2*c**2 + 44*c - 24. Give m(22).
-24
Let l(g) = 26*g + 752. Determine l(-29).
-2
Let w(g) = 25*g**3 + g + 2. What is w(-1)?
-24
Let q(p) = -3*p - 30. Give q(-12).
6
Let f(a) = a**2 + 12*a + 41. What is f(-9)?
14
Let t(s) = -s**3 + 12*s**2 + 5*s - 76. Calculate t(12).
-16
Let s(t) = -2*t - 24. What is s(-15)?
6
Let i(j) = -2*j - 48. Calculate i(-20).
-8
Let d(f) = 9*f + 67. Calculate d(-7).
4
Let a(w) = -2*w + 2. Calculate a(5).
-8
Let n(w) = w**2 + 20*w + 3. Calculate n(-20).
3
Let x(q) = -q**2 + 5*q - 3. Determine x(9).
-39
Let b(r) = -39*r + 29. What is b(1)?
-10
Let b(r) = 10*r + 3. Determine b(-2).
-17
Let t(q) = -3*q**2 + 3*q. Determine t(3).
-18
Let r(b) = -5*b - 35. Determine r(-8).
5
Let f(y) = -y**3 - 2*y + 10. Give f(0).
10
Let a(n) = -n - 7. Determine a(-10).
3
Let z(j) = -j**3 - 6*j**2 - 6*j - 12. Calculate z(-5).
-7
Let y(d) = -2*d**2 + 15*d - 1. What is y(6)?
17
Let p(d) = -2*d**3 - 37*d**2 + 17*d - 32. Determine p(-19).
6
Let q(h) = h**3 + 10*h**2 + 13*h - 9. Determine q(-8).
15
Let g(j) = -j**3 - 4*j**2 + 10*j + 52. What is g(-5)?
27
Let x(p) = 5*p - 5. Calculate x(2).
5
Let s(t) = 2*t - 15. What is s(13)?
11
Let n(f) = -81*f + 2. Calculate n(1).
-79
Let a(q) = -11*q**2 - 7*q + 8. Determine a(2).
-50
Let n(p) = -p**2 - 18*p - 34. Give n(-14).
22
Let a(p) = -7*p + 57. Give a(8).
1
Let k(l) = -l**2 + 21*l + 86. Calculate k(-4).
-14
Let m(s) = 9*s - 66. What is m(9)?
15
Let u(y) = -2*y**2 - 8*y + 14. What is u(-6)?
-10
Let g(o) = 8*o**2 + o - 1. Determine g(1).
8
Let s(w) = -w**3 + 3*w**2 + 5*w - 5. Give s(4).
-1
Let q(t) = -2*t**3 - 49*t**2 - 26*t - 56. Give q(-24).
-8
Let x(h) = -h**2 - 4. Determine x(-3).
-13
Let o(u) = u - 1. Determine o(6).
5
Let q(k) = -k**3 - 8*k**2 - 6*k + 4. Calculate q(-7).
-3
Let g(m) = 6*m + 284. Give g(-50).
-16
Let w(m) = -m**3 - 28*m**2 - 59*m - 171. Calculate w(-26).
11
Let b(h) = 15*h - 62. Calculate b(4).
-2
Let b(k) = k**2 + 10*k + 3. What is b(-11)?
14
Let u(w) = -28*w + 1. Give u(-1).
29
Let h(q) = 17*q - 75. Give h(15).
180
Let w(a) = -a**2 - 3*a - 1. Calculate w(-5).
-11
Let t(i) = -i**3 - 17*i**2 + 37*i - 27. Give t(-19).
-8
Let k(f) = f**2 + 12*f - 33. Give k(-14).
-5
Let o(u) = -u**3 + u**2 - 4*u + 29. What is o(0)?
29
Let v(z) = -z**2 + 4*z - 8. Give v(3).
-5
Let d(j) = -j**2 + 10*j - 12. What is d(7)?
9
Let l(g) = g - 27. Give l(0).
-27
Let l(b) = -b**2 - 29*b - 80. Give l(-3).
-2
Let y(h) = h - 3. Determine y(7).
4
Let w(s) = -s**3 - 5*s**2 + 8*s - 5. Calculate w(-9).
247
Let h(n) = -n**3 + 2*n**2 - 3*n + 9. Calculate h(3).
-9
Let m(j) = -j**2 + 13*j + 15. Determine m(14).
1
Let k(j) = -5*j**2 + 2. Calculate k(-2).
-18
Let r(w) = 2*w. Give r(-2).
-4
Let a(r) = 5*r**2 + 5*r + 7. Determine a(-1).
7
Let w(k) = 64*k + 62. What is w(-1)?
-2
Let s(q) = -5*q**3 - 2*q**2 + q + 1. Calculate s(-2).
31
Let z(r) = -r**3 - 5*r**2 - 5*r + 5. Calculate z(-5).
30
Let r(v) = -v**2 - 2. Determine r(3).
-11
Let l(u) = -u**3 + 7*u**2 - 5*u + 5. What is l(7)?
-30
Let u(j) = j**3 - 25*j**2 - 25*j - 30. Give u(26).
-4
Let v(f) = f**2 - 7*f + 4. Give v(8).
12
Let a(q) = q**2 - 3*q - 8. What is a(4)?
-4
Let j(n) = -14*n**2 - n + 1. Determine j(1).
-14
Let w(o) = -6*o + 63. Calculate w(12).
-9
Let i(k) = -k**2 - 20*k - 40. Give i(-15).
35
Let r(x) = -x**3 - 3*x**2 + 6*x + 4. Determine r(-4).
-4
Let c(v) = 15*v - 10. Give c(4).
50
Let k(t) = -t**3 - 7*t**2 - 5*t + 2. Give k(-6).
-4
Let g(x) = -x - 11. Determine g(-5).
-6
Let h(a) = -a**3 - 4*a**2 + a + 7. Give h(-3).
-5
Let q(j) = 2*j - 11. Determine q(2).
-7
Let m(d) = -d**3 + 8*d**2 + 12*d - 35. What is m(9)?
-8
Let g(p) = -17*p + 80. Give g(8).
-56
Let y(g) = -g**3 - 39*g**2 - 35*g + 109. What is y(-38)?
-5
Let g(u) = u**2 - 10*u + 16. Give g(5).
-9
Let i(l) = 3*l**2 - 26*l - 7. Give i(8).
-23
Let n(r) = -r**3 + 10*r**2 - 11*r - 22. Determine n(8).
18
L